 m be x(-4). Let r be -1*((-57)/m + -4). Let w(y) = y**3 + 14*y**2 - 19*y - 20. What are the prime factors of w(r)?
2, 5
Suppose 3*b + 0*i - 174 = -3*i, -i - 242 = -4*b. Suppose 0 = 3*s + b - 723. What are the prime factors of s?
13, 17
Let r = 9 - 9. Suppose r*q - 2 = -4*q - 3*o, -2*o = 3*q - 1. Let n(p) = -15*p - 1. List the prime factors of n(q).
2, 7
Let w(o) = 27*o + 1. Suppose -17*n - 1 = -18*n. What are the prime factors of w(n)?
2, 7
Let x = 32 + -36. List the prime factors of (-4 + (-26)/3)*18/x.
3, 19
Let p(w) = 7*w + 4. Let k = -15 + 13. Let n be p(k). Let t = 26 + n. What are the prime factors of t?
2
Suppose 5*w - w = 744. What are the prime factors of w?
2, 3, 31
Let i(x) be the second derivative of 3*x**5/10 - x**4/3 + x**3/3 + 5*x. Let t be i(2). Let w = t - 16. What are the prime factors of w?
2, 5
Suppose 141 = 6*p + 51. Let o be 5/(-15) - p/9. Let h(v) = -33*v - 2. What are the prime factors of h(o)?
2
Let k be (48/15)/((-6)/(-15)). Suppose k + 6 = a. Let c = a - 1. What are the prime factors of c?
13
Let u be 4/2 - (-1518)/6. Suppose -5*n + 3*y = -255, -6*n + 5*y = -n - u. List the prime factors of n.
3, 17
Let c = 10 + -9. Suppose -8 = -3*y + c. Suppose 26 = b - y. What are the prime factors of b?
29
Suppose 38 = -5*f + 7*f. Let j(k) = f + 2 - k**2 - k - 9. What are the prime factors of j(0)?
2, 3
What are the prime factors of (-60)/(-105) - 3769/(-7)?
7, 11
Suppose 0 = 17*w + 7*w - 1992. What are the prime factors of w?
83
Suppose p = -0*n - n + 6, 0 = -n + 2*p - 3. Suppose -n*d - 429 = -2*l, -8*l + d = -3*l - 1053. List the prime factors of l.
2, 3, 5, 7
Let k = -453 - -744. Let s = k + -196. What are the prime factors of s?
5, 19
Let r = 16 - 59. Let x = r + 48. What are the prime factors of x?
5
Let x = 45 - 46. Let r(u) = 65*u**2 + 2*u + 3. What are the prime factors of r(x)?
2, 3, 11
Suppose -2*c - 2*f = 183 - 853, -3*c = -5*f - 1037. What are the prime factors of c?
3, 113
Let p(l) = 7*l**3 + 7*l**2 + 5*l + 28. Let c(d) = -6*d**3 - 24*d**2 + 18*d**2 - 33 + 6 - 4*d. Let s(f) = -6*c(f) - 5*p(f). What are the prime factors of s(0)?
2, 11
Suppose 0 = l + 2*n - 7, -2*n = -n - 2. Let c be (-68)/17 + l*3. Suppose -5*j - 2*u + 127 = 0, -c*u - 10 = 10. List the prime factors of j.
3
Let b = -302 + 1213. What are the prime factors of b?
911
Let k be (4/(-6))/((-2)/(-69)). Let w = k - -59. List the prime factors of 9/w + (-47)/(-4).
2, 3
Suppose 8*q - 4*p - 1855 = 5*q, 614 = q + 3*p. What are the prime factors of q?
617
Let t be 1/((-14)/(-102)) - (-2)/(-7). Suppose 5*c + 186 = t*c. List the prime factors of c.
3, 31
Suppose -156583 = -87*j + 124079. What are the prime factors of j?
2, 1613
Suppose -20*x + 26*x = 7584. What are the prime factors of x?
2, 79
Let a(l) = l**2 + 35*l - 11. List the prime factors of a(41).
3, 5, 23
Let p = 20 + -13. Suppose s = 3*q - p*q + 12, 0 = 5*q - 10. Suppose 12*k - 32 = s*k. List the prime factors of k.
2
Let g(d) = 2*d - 16. Let z(n) = n + 11. Let s be z(-6). Suppose s*c = -2*k + 18, -4*c = k - 0*c - 6. List the prime factors of g(k).
2, 3
Let k = 30 - -63. Suppose 5*r - k = 92. Suppose -2*h + r + 21 = 0. List the prime factors of h.
29
Let t(i) = 41*i**2 + 34*i + 197. What are the prime factors of t(-7)?
2, 3, 41
Suppose -4*b + 554 = -126. Suppose 5*u - 138 = 2*c + b, -5*c = -5. List the prime factors of u.
2, 31
Suppose -45*t + 12759 = -24501. List the prime factors of t.
2, 3, 23
Let n = -590 - -1355. Suppose 3*m = -2*m + n. Suppose 3*a - m + 48 = 0. List the prime factors of a.
5, 7
Let v = -16 + 274. List the prime factors of v.
2, 3, 43
Let o = -64 + 43. Let i = -27 - o. What are the prime factors of (111/i)/((-3)/6)?
37
Let u = -124 - -132. List the prime factors of u.
2
Suppose 0*t + 36 = 3*t. Let v = 42 + t. Let d = v + -37. What are the prime factors of d?
17
Let u(j) be the second derivative of j**4/6 + 23*j**3/6 + 15*j**2/2 + 13*j. List the prime factors of u(-15).
2, 3, 5
Suppose -1200 = -12*o + 1068. What are the prime factors of o?
3, 7
Let p(q) = 8*q + 3. Suppose -4*x - 22 + 2 = 0. Let d(y) = -24*y - 10. Let m(o) = x*d(o) - 16*p(o). What are the prime factors of m(-6)?
2, 5
Let w(g) = -2*g**3 - 5*g**2 - 2*g - 6. Let b = -27 - -23. What are the prime factors of w(b)?
2, 5
Let u be 2*3/((-6)/(-8)). Suppose -4*v + 8 = -u. Suppose 5*t - 5 = 5*o, 1 = -v*o + 5*t - 7. What are the prime factors of o?
3
Suppose h + 46*f - 44*f = 54, 0 = 3*h - f - 127. What are the prime factors of h?
2, 11
Suppose 17 = o + 4*x, -2*o - 3*o + 4*x = -13. Suppose 2*r = 4*r - 4, -o*r = -2*b - 6. Suppose c + b*g = 22, -2*g = -2*c - 0*g + 68. List the prime factors of c.
2, 3, 5
Let z be (-2 - (-9)/6)*-6. Let q(x) = x - 2 + z*x + 5 - x**3 + 4*x + 5*x**2. What are the prime factors of q(6)?
3, 5
Suppose 75*a - 367953 + 119253 = 0. List the prime factors of a.
2, 829
Let n(g) = -63*g + 9. Let u be n(-7). Suppose 5*v = 2*v + u. What are the prime factors of 4/2*v/12?
5
Let n = -16 + 19. Suppose 11 - 41 = -n*p. Suppose p = f + 3. List the prime factors of f.
7
Suppose -14*n + 3*n + 6127 = 0. List the prime factors of n.
557
Suppose 0 = -9*r + 8*r + 5. Suppose 4*k + 400 = r*a + 123, a = 2*k + 53. List the prime factors of a*((-16)/(-12) + -1).
19
Let u = 6 - 118. Let q = 170 + u. List the prime factors of q.
2, 29
Let b(v) = -v**2 - 6*v + 22. Let w(k) = 2*k**2 + 11*k - 45. Let l(s) = 5*b(s) + 2*w(s). List the prime factors of l(-8).
2, 5
Suppose -2*n + 0 = -2*r - 10, r = 3*n - 19. Suppose -260 = -n*q + 3*q. List the prime factors of q.
5, 13
Let d(s) = s**3 - 22*s**2 - 14*s - 395. List the prime factors of d(28).
3917
Suppose 40*q = 32*q + 10592. What are the prime factors of q?
2, 331
Suppose v + 4 = 2*l, l + 0 = -2*v + 12. Suppose -l*p - 58 + 70 = 0. List the prime factors of p.
3
Suppose -2*k + 3200 - 568 = 0. What are the prime factors of k?
2, 7, 47
Suppose -281*u + 270*u + 4796 = 0. List the prime factors of u.
2, 109
Suppose 3*a = 7*a - 368. Let r = 198 - a. What are the prime factors of r?
2, 53
Suppose 0 = -5*g - 0*d - 4*d - 5, -5*d - 13 = 4*g. Suppose -g*j + 337 = -218. List the prime factors of j.
5, 37
Let a(h) = 12*h**2 - 10*h + 5. List the prime factors of a(5).
3, 5, 17
Let k(c) = 4*c**3 + c**2 - 2*c - 1. Let v be k(-2). Let f = v - -54. List the prime factors of f.
29
Let y(x) = -9*x - 39. Let p be y(-16). Let t = -36 + p. List the prime factors of t.
3, 23
Let x be 89 - (4 + -4 - (-8)/(-4)). Suppose x*o - 1100 = 86*o. What are the prime factors of o?
2, 5, 11
Let t be (30/(-20))/(3/(-8)). Suppose 5*i - 2*i = -3*h + 327, -i + 448 = t*h. What are the prime factors of h?
113
Let b = -1133 + 2656. What are the prime factors of b?
1523
Suppose 3*o + 53 = 2*d, 2*d + 0 = -4. Let i = 49 - o. List the prime factors of i.
2, 17
Suppose 2*a = 5*a - 9. Suppose 7*f - 2*f = 545. Suppose -5*k - 25 = a*w - 78, -f = -4*w + k. List the prime factors of w.
2, 13
Suppose j + 1 = w + 2, 3*w - 5 = -5*j. Suppose w*t - 24 = -2*t. List the prime factors of t.
2, 3
Let t(l) be the first derivative of -l**4/4 - 10*l**3/3 - 3*l**2 - 6*l + 9. What are the prime factors of t(-10)?
2, 3
Let l = -1399 - -1998. List the prime factors of l.
599
Let q be -2*2/(-16) + 19/4. Let l(t) be the second derivative of 5*t**3/3 - 5*t**2 + 2*t. List the prime factors of l(q).
2, 5
Let v(i) = -3*i + 35. Let u be v(11). List the prime factors of 534/9 + ((-15)/(-9) - u).
59
Let q = 8 + -8. Let p = -12 + 14. Suppose q*r = p*r + 5*c, -4*r = c - 18. List the prime factors of r.
5
Let q be (-2)/(-5) - (-2)/((-20)/(-646)). Let t = q + -22. List the prime factors of t.
43
Let l(i) = i**3 - 3*i**2 - 4*i + 2. Let n be l(4). Suppose n*b + 51 = 5*b. List the prime factors of b.
17
Let c be 12/(-8) + (-22)/(-4). Let x = -53 + 56. Suppose b = -x*z + 23, -3*z + 4 + 39 = -c*b. List the prime factors of z.
3
Let b(s) be the first derivative of 8*s**3 + 16. What are the prime factors of b(-1)?
2, 3
Let z be 0 - (-1)/(2/6). Suppose -z*m = -m - 4. Suppose -3*x - m*x = -15. List the prime factors of x.
3
List the prime factors of (5/(-2))/(105/(-4284)).
2, 3, 17
What are the prime factors of (-36 - 376)*(-2)/4?
2, 103
Let m(y) be the second derivative of 17*y**6/180 + y**5/120 - 5*y**4/12 + 6*y. Let r(u) be the third derivative of m(u). What are the prime